 = -d - 7. Give c(t).
-2
Let i(d) = 2*d - 1. Let w = -7 - -9. Suppose -q - 3*b + 3 = 0, -q + w*q + 1 = -b. Determine i(q).
-7
Let n(z) = z + 1. Let g(l) = -4*l - 2. Let r(x) = g(x) + 3*n(x). Let j be ((-408)/238)/((-2)/(-7)). What is r(j)?
7
Let v(s) = 1 + 33*s**2 + s + 5*s - 32*s**2. Give v(-4).
-7
Let l = -6 - -2. Let r be l/14 - (-128)/56. Let b(c) = 3*c**3 - c**3 - 3*c**3 - 1 + 3*c - c**2. Calculate b(r).
-7
Let t(w) = 6*w**2 + w + 0 - 2*w - 1 + 11*w. Let m(x) = 5*x**2 + 9*x. Let y(z) = 5*m(z) - 4*t(z). What is y(-4)?
0
Let s be 1/((-33)/(-60)) + (-12)/(-66). Let l(y) = 3*y**3 - 3*y**2. Determine l(s).
12
Let u(z) = z. Let y(a) be the third derivative of -1/3*a**3 - 2*a**2 + 0*a + 0 - 1/24*a**4. Let c be y(-7). Give u(c).
5
Let m(i) = 3*i**3 + i**2 - i + 1. Let c be m(1). Let p(t) = -t**2 - c + 0 + 3*t - 7*t. Calculate p(-4).
-4
Let l(w) = 3*w - 7*w + 8 + 3*w. Determine l(5).
3
Let j(r) be the third derivative of -r**5/60 - 5*r**4/12 - 11*r**3/6 - 20*r**2. Determine j(-8).
5
Let t(s) = -s**2 + s - s + 3*s. What is t(3)?
0
Let t(i) = 5*i + 2. Suppose 3*u = -2*u - x + 16, -3*x - 12 = -5*u. Determine t(u).
17
Let t = -4 - -6. Let m be (t/3)/(2/(-3)). Let a(h) = -7*h**2 - h. Determine a(m).
-6
Let k(f) = -3*f + 1 + 0 - f - 2. Calculate k(-4).
15
Let v be -3*((-8)/(-6))/2. Let f be (-2*(-1)/v)/1. Let d(u) = 1 + 2 - 2 + 0 + 3*u**3 + 2*u. Calculate d(f).
-4
Let g(b) = b**3 + 5*b**2 - 1. Let y be -2 - ((0 - -1) + 2). What is g(y)?
-1
Let s(l) be the first derivative of -5*l**2/2 - 2*l - 5. Calculate s(3).
-17
Suppose 16 - 1 = 5*h. Let m(d) = 5 - h*d - d**2 + 4*d**2 - 2*d**2 - d. What is m(4)?
5
Let k(r) = 5*r**2 - 8*r + 2. Let v(w) = -20*w + 0*w**2 + 5 + 3*w + 0 + 11*w**2. Let y(n) = 9*k(n) - 4*v(n). Give y(5).
3
Suppose 15 = -0*n - 5*n. Let s(u) = 2*u**2 - 4 + u**3 + 3*u**2 - 4*u - 6*u**2 + 3*u**2. Give s(n).
-1
Let j = -24 + 20. Let l(o) = o**3 + 4*o**2 + o - 1. Calculate l(j).
-5
Let a(o) = -42 - 2*o + o**2 + 42. Determine a(2).
0
Suppose -26 = -5*f - 3*l - 9, 0 = 5*f - 4*l + 11. Let m(h) = 17*h + 1. Calculate m(f).
18
Suppose 5 = 3*q - h - 10, -5*h = 3*q - 15. Suppose -3 = 4*i + q. Let c(t) = -2*t - 1. Give c(i).
3
Suppose -3*j = -u - 8, -j + 2*u = u. Suppose 2*r = 8 - j, 4*b - r + 6 = 0. Let d(s) be the third derivative of -s**5/15 + s**3/6 - s**2. Give d(b).
-3
Let o(w) = 2*w + 1. Let t be o(-5). Let i(s) = -15*s + 21. Let z(r) = 7*r - 10. Let c(x) = t*z(x) - 4*i(x). Give c(5).
-9
Let p(z) be the second derivative of z**8/6720 - z**7/840 - z**6/144 + z**5/60 - 5*z**4/12 + z. Let l(v) be the third derivative of p(v). Give l(4).
-2
Suppose 4 + 2 = l. Let c = l + -2. Let w(p) = -3*p**2 + 6*p - 3*p**2 + 3*p**2 + 2 + c*p**2. What is w(-4)?
-6
Let u(d) = -12*d**2 - d**3 + 3 - 3*d + 3*d**2 + 3*d**2. Determine u(-5).
-7
Let a(i) = 5*i**2 - i. Let q(d) = -d - 1. Let u be q(-4). Suppose 0 = -3*y - u. Calculate a(y).
6
Let x = -37 - -32. Let c(f) = f**3 + 4*f**2 - 5*f - 3. What is c(x)?
-3
Let m = -21 - -16. Let n(r) be the third derivative of r**5/60 + 5*r**4/24 + 2*r**3/3 - r**2. Determine n(m).
4
Suppose x + 1 + 4 = 0. Let u(l) be the third derivative of l**4/24 - l**3/2 - 2*l**2. Let m(t) = 2*t - 9. Let g(h) = -3*m(h) + 8*u(h). Determine g(x).
-7
Let l(t) = -t**2 - 4*t. Let x be (-1)/(-3) - 8/(-3). Let a be (0/2 - 1)*x. What is l(a)?
3
Let p(o) = 8*o. Let c be p(1). Let n(m) = 0 - 3 - m**2 + 2 - c - 8*m. Give n(-6).
3
Let u(g) = -2*g + 8. Let i(n) = -n - 2. Suppose 3*t = -5*c - 60, 36 + 2 = -2*c - 4*t. Let j be i(c). Give u(j).
-6
Let b(f) = f**2 + 3*f + 1. Let k be b(-4). Let m(x) be the second derivative of x**5/20 - 5*x**4/12 - x**3/2 + 3*x**2 + 7*x. Determine m(k).
-9
Let l(p) = p**2 - 1. Let b = 37 - 41. Determine l(b).
15
Let b(s) = s. Let f(g) = g. Let n(v) = -b(v) + 2*f(v). Let d(x) = x**3 - 5*x**2 + 6*x - 5. Let w be d(4). Determine n(w).
3
Let q = -8 - -12. Let m(n) = -3*n + n + 0*n + 3*n - q. Give m(5).
1
Let q(j) = -j**2 + 2*j + 4. Let c(w) = -w + 3. Let x be c(-1). Determine q(x).
-4
Suppose 7*q + 10*q = 85. Let m(c) = 0*c - 2*c + c**2 + 1 - 8. Give m(q).
8
Suppose 2*v + 0 = 4. Let j(z) = -z**2 + 3*z + 1. What is j(v)?
3
Let z(n) = -n**2 + 6*n + 1. Suppose -5*w = -2*x - 4*w - 1, 0 = -4*w + 4. Suppose x = -3*q + 8 - 23. Let g be 0 - (-3)/((-3)/q). Calculate z(g).
6
Let d(x) be the third derivative of x**4/24 - 7*x**3/6 + 5*x**2. What is d(6)?
-1
Let c(l) be the third derivative of 1/120*l**6 + 0*l - l**2 - 5/6*l**3 - 1/20*l**5 - 1/6*l**4 + 0. Give c(4).
-5
Let m(x) = -x**2 - 5*x + 7. Suppose 3*b + j = -14, b - j + 5 = -5. Calculate m(b).
1
Suppose 0 = -7*b + 2*b - 3*c - 22, -10 = -b + 3*c. Let u = 1 - b. Let z(g) = g**2 + g - 2 + g**2 - u*g**2. Give z(4).
-14
Let g(o) = -o**3 + o**2 - 6*o + 1. Let v(c) = 2*c**3 - c**2 + 11*c - 1. Let p(r) = 7*g(r) + 4*v(r). Give p(-2).
3
Let n(x) = -x**3 + x**2 + x + 5. Let u be n(0). Suppose 2*h - 17 = -5*v, -2*h + u*v = -h + 29. Let i(o) = -o**3 - 3*o**2 + 3*o - 5. Give i(h).
-1
Let p be ((-3)/12)/((-1 - -4)/(-60)). Let o(t) = -t + 1. Calculate o(p).
-4
Let x be (-16)/6*3/(-4). Let l(w) be the second derivative of 5/2*w**x + 0 - 1/6*w**3 + 2*w. What is l(-4)?
9
Let i(p) = -p**3 - 5*p**2 - 4*p - 1. Let j(t) = t**3 - t + 1. Let o be j(2). Let c = 10 - o. Let v be c/(-2)*16/6. Give i(v).
-1
Let d(s) = 3*s**2 + s. Suppose 2*m = 5*t + 5*m - 29, 0 = 5*t - m - 17. Suppose t = -h + 5*h. What is d(h)?
4
Let f(v) = -2*v - 3*v + v + v**2 - 7 + v. Let q be f(5). Let d(t) = -2 + q - 5 + t. Give d(0).
-4
Let n(j) = 10*j**3 - j**2 + j. Let b = -28 - -29. What is n(b)?
10
Let s be 2*(-2 - (-15)/6). Let p(b) = 2 - b**3 - s + b - 3*b. Calculate p(1).
-2
Let r(q) = -6*q**2 + 1. Let h be r(1). Let f(y) = -5 - y - 2*y**2 + 5*y**2 - 2*y**2 + 6*y. What is f(h)?
-5
Let h be (2/6)/(8/(-72)). Let k = 3 + h. Let u(m) = -15*m**2 + 13*m - 10. Let l(s) = -7*s**2 + 6*s - 5. Let j(o) = -13*l(o) + 6*u(o). What is j(k)?
5
Let q(y) = -2*y**2 - y - 2*y + 3*y**2 - 1. Suppose 0 = -3*x - 10 + 1. Let f be 0 + (-2 + 1 - x). Give q(f).
-3
Let w(a) = -14*a + 18. Let m(h) = -5*h + 6. Suppose 1 = -3*o - 2. Let p = o + 7. Let x(c) = p*w(c) - 17*m(c). Calculate x(-5).
1
Let u(y) = y**2 + y + 14. Suppose 5*z + 0*z = 0. Give u(z).
14
Let r(l) be the second derivative of l**3/6 + l. Suppose 0 = -0*s + 2*s - c - 1, -3*c + 12 = -s. Let v be (-1)/(1/s*1). Give r(v).
-3
Let p(a) = -3*a**2 + 7*a + 2. Let g(v) = -5*v**2 + 10*v + 3. Let c = 20 - 12. Let q(l) = c*p(l) - 5*g(l). Let n be (-4 - 0) + -3 + 2. Calculate q(n).
-4
Let t(l) = l**3 - 3*l**2 + 4. Let o be t(3). Let v(n) = -13 + n**2 + 24 - o*n - 13. Calculate v(6).
10
Let t be 12/(-78) + 134/26. Let n(w) = -3 + w + 2 + 0*w. Give n(t).
4
Let m = -2 - -4. Let c(x) = -3 + 0*x**2 + m - x**2 - x + 3. Calculate c(2).
-4
Let l = -9 - -5. Let d(f) = f**3 - 11*f**2 + 10*f. Let z be d(10). Let p(r) = -r**3 + 5 + 2*r + 5 - 4*r**2 + z*r**3 - 6. Calculate p(l).
-4
Let r(h) = -5*h - 1. Suppose s + 8 = -s - n, 3*n + 12 = 0. Determine r(s).
9
Let i(y) = 2*y**3 + 2*y**2 - y + 1. Let t(a) = -2*a**3 + 5*a**2 + 3*a - 3. Let h be t(4). Let r be 72/h - (-6)/(-39). What is i(r)?
-5
Let b(o) be the first derivative of -o**2/2 + 2*o + 1. Let f(z) = z - 3. Let p(h) = -3*b(h) - 2*f(h). Calculate p(2).
2
Suppose -12 = 3*d - 5*d. Let q(u) = -4*u + 4 + 2 + 4*u - u. What is q(d)?
0
Suppose 0*d = -d + 1. Let s(c) = -4*c**2 + c - 1. Let r(n) = -n**2. Let v(i) = d*s(i) - 2*r(i). Suppose -y = y - 4. Determine v(y).
-7
Let f(h) = 16 + 16 + 3*h - 33. Determine f(2).
5
Let n(x) = -x + 4. Let g be 0/(5 - 8) + 2. Give n(g).
2
Let p(r) be the first derivative of -r**3/3 + 9*r**2/2 - r - 1. Let g be p(9). Let l(x) = x. Determine l(g).
-1
Let y(h) be the first derivative of 0*h - 1/12*h**4 + h**2 + 0*h**3 - 2. Let v(o) be the second derivative of y(o). Calculate v(-4).
8
Suppose 3*z = 3 - 12. Let d(v) = -v - 10. Let s(l) = 1. Let h(n) = -d(n) - 5*s(n). Determine h(z).
2
Let k be 0 - -3*(3 + -1). Let n(r) = -4 + 0 + k + r. Give n(2).
4
Let l(h) = -h + 1. Let r(z) = -9*z + 3. Let y = -2 - -7. Let t = 6 - y. Let o(j) = t*r(j) - 6*l(j). What is o(-5)?
12
Let l be (-6 + 7)*3*1. Let c(m) = 4*m**3 - 6*m**2 + m - 2. Let y(x) = 0*x + 0*x - 2*x - 2 - 7*x**2 + 5*x**3 + 3*x. Let f(h) = -4*c(h) + 3*y(h). Give f(l).
-1
Let i(w) be the second derivative